{"id":8078,"date":"2022-02-04T11:10:38","date_gmt":"2022-02-04T11:10:38","guid":{"rendered":"https:\/\/encostadosobreiro.com\/instagram\/"},"modified":"2024-02-27T15:33:45","modified_gmt":"2024-02-27T15:33:45","slug":"instagram","status":"publish","type":"page","link":"https:\/\/encostadosobreiro.com\/en\/instagram\/","title":{"rendered":"Instagram"},"content":{"rendered":"<p>[et_pb_section fb_built=&#8221;1&#8243; fullwidth=&#8221;on&#8221; _builder_version=&#8221;4.16&#8243; _module_preset=&#8221;default&#8221; custom_margin=&#8221;|20px||20px|false|true&#8221; global_colors_info=&#8221;{}&#8221;][et_pb_fullwidth_code _builder_version=&#8221;4.22.2&#8243; _module_preset=&#8221;default&#8221; hover_enabled=&#8221;0&#8243; global_colors_info=&#8221;{}&#8221; sticky_enabled=&#8221;0&#8243;]<div class='jr-insta-thumb'>\r\n    <ul class='no-bullet thumbnails jr_col_4' id='wis-slides'>\r\n\t\t    <\/ul>\r\n<\/div>[\/et_pb_fullwidth_code][\/et_pb_section]<\/p>\n","protected":false},"excerpt":{"rendered":"<div class='jr-insta-thumb'>\r\n    <ul class='no-bullet thumbnails jr_col_4' id='wis-slides'>\r\n\t\t    <\/ul>\r\n<\/div>\n","protected":false},"author":1,"featured_media":0,"parent":0,"menu_order":0,"comment_status":"closed","ping_status":"closed","template":"","meta":{"_et_pb_use_builder":"on","_et_pb_old_content":"","_et_gb_content_width":"","inline_featured_image":false,"_glsr_average":0,"_glsr_ranking":0,"_glsr_reviews":0,"footnotes":""},"class_list":["post-8078","page","type-page","status-publish","hentry"],"yoast_head":"<!-- This site is optimized with the Yoast SEO plugin v21.4 - https:\/\/yoast.com\/wordpress\/plugins\/seo\/ -->\n<title>Galeria - A casa e o espa\u00e7o envolvente | Encosta do Sobreiro<\/title>\n<meta name=\"description\" content=\"Veja algumas fotos fant\u00e1sticas da casa e do espa\u00e7o envolvente, e o sentimento que a encosta do Sobreiro transmite. Descubra-as na nossa galeria.\" \/>\n<meta name=\"robots\" content=\"index, follow, max-snippet:-1, max-image-preview:large, max-video-preview:-1\" \/>\n<link rel=\"canonical\" href=\"https:\/\/encostadosobreiro.com\/en\/instagram\/\" \/>\n<meta property=\"og:locale\" content=\"en_US\" \/>\n<meta property=\"og:type\" content=\"article\" \/>\n<meta property=\"og:title\" content=\"Galeria - A casa e o espa\u00e7o envolvente | Encosta do Sobreiro\" \/>\n<meta property=\"og:description\" content=\"Veja algumas fotos fant\u00e1sticas da casa e do espa\u00e7o envolvente, e o sentimento que a encosta do Sobreiro transmite. Descubra-as na nossa galeria.\" \/>\n<meta property=\"og:url\" content=\"https:\/\/encostadosobreiro.com\/en\/instagram\/\" \/>\n<meta property=\"og:site_name\" content=\"Encosta do Sobreiro\" \/>\n<meta property=\"article:modified_time\" content=\"2024-02-27T15:33:45+00:00\" \/>\n<meta name=\"twitter:card\" content=\"summary_large_image\" \/>\n<script type=\"application\/ld+json\" class=\"yoast-schema-graph\">{\"@context\":\"https:\/\/schema.org\",\"@graph\":[{\"@type\":\"WebPage\",\"@id\":\"https:\/\/encostadosobreiro.com\/en\/instagram\/\",\"url\":\"https:\/\/encostadosobreiro.com\/en\/instagram\/\",\"name\":\"Galeria - A casa e o espa\u00e7o envolvente | Encosta do Sobreiro\",\"isPartOf\":{\"@id\":\"https:\/\/encostadosobreiro.com\/en\/#website\"},\"datePublished\":\"2022-02-04T11:10:38+00:00\",\"dateModified\":\"2024-02-27T15:33:45+00:00\",\"description\":\"Veja algumas fotos fant\u00e1sticas da casa e do espa\u00e7o envolvente, e o sentimento que a encosta do Sobreiro transmite. Descubra-as na nossa galeria.\",\"breadcrumb\":{\"@id\":\"https:\/\/encostadosobreiro.com\/en\/instagram\/#breadcrumb\"},\"inLanguage\":\"en-US\",\"potentialAction\":[{\"@type\":\"ReadAction\",\"target\":[\"https:\/\/encostadosobreiro.com\/en\/instagram\/\"]}]},{\"@type\":\"BreadcrumbList\",\"@id\":\"https:\/\/encostadosobreiro.com\/en\/instagram\/#breadcrumb\",\"itemListElement\":[{\"@type\":\"ListItem\",\"position\":1,\"name\":\"Home\",\"item\":\"https:\/\/encostadosobreiro.com\/en\/\"},{\"@type\":\"ListItem\",\"position\":2,\"name\":\"Instagram\"}]},{\"@type\":\"WebSite\",\"@id\":\"https:\/\/encostadosobreiro.com\/en\/#website\",\"url\":\"https:\/\/encostadosobreiro.com\/en\/\",\"name\":\"Encosta do Sobreiro\",\"description\":\"Turismo Rural\",\"potentialAction\":[{\"@type\":\"SearchAction\",\"target\":{\"@type\":\"EntryPoint\",\"urlTemplate\":\"https:\/\/encostadosobreiro.com\/en\/?s={search_term_string}\"},\"query-input\":\"required name=search_term_string\"}],\"inLanguage\":\"en-US\"}]}<\/script>\n<!-- \/ Yoast SEO plugin. -->","yoast_head_json":{"title":"Galeria - A casa e o espa\u00e7o envolvente | Encosta do Sobreiro","description":"Veja algumas fotos fant\u00e1sticas da casa e do espa\u00e7o envolvente, e o sentimento que a encosta do Sobreiro transmite. Descubra-as na nossa galeria.","robots":{"index":"index","follow":"follow","max-snippet":"max-snippet:-1","max-image-preview":"max-image-preview:large","max-video-preview":"max-video-preview:-1"},"canonical":"https:\/\/encostadosobreiro.com\/en\/instagram\/","og_locale":"en_US","og_type":"article","og_title":"Galeria - A casa e o espa\u00e7o envolvente | Encosta do Sobreiro","og_description":"Veja algumas fotos fant\u00e1sticas da casa e do espa\u00e7o envolvente, e o sentimento que a encosta do Sobreiro transmite. Descubra-as na nossa galeria.","og_url":"https:\/\/encostadosobreiro.com\/en\/instagram\/","og_site_name":"Encosta do Sobreiro","article_modified_time":"2024-02-27T15:33:45+00:00","twitter_card":"summary_large_image","schema":{"@context":"https:\/\/schema.org","@graph":[{"@type":"WebPage","@id":"https:\/\/encostadosobreiro.com\/en\/instagram\/","url":"https:\/\/encostadosobreiro.com\/en\/instagram\/","name":"Galeria - A casa e o espa\u00e7o envolvente | Encosta do Sobreiro","isPartOf":{"@id":"https:\/\/encostadosobreiro.com\/en\/#website"},"datePublished":"2022-02-04T11:10:38+00:00","dateModified":"2024-02-27T15:33:45+00:00","description":"Veja algumas fotos fant\u00e1sticas da casa e do espa\u00e7o envolvente, e o sentimento que a encosta do Sobreiro transmite. Descubra-as na nossa galeria.","breadcrumb":{"@id":"https:\/\/encostadosobreiro.com\/en\/instagram\/#breadcrumb"},"inLanguage":"en-US","potentialAction":[{"@type":"ReadAction","target":["https:\/\/encostadosobreiro.com\/en\/instagram\/"]}]},{"@type":"BreadcrumbList","@id":"https:\/\/encostadosobreiro.com\/en\/instagram\/#breadcrumb","itemListElement":[{"@type":"ListItem","position":1,"name":"Home","item":"https:\/\/encostadosobreiro.com\/en\/"},{"@type":"ListItem","position":2,"name":"Instagram"}]},{"@type":"WebSite","@id":"https:\/\/encostadosobreiro.com\/en\/#website","url":"https:\/\/encostadosobreiro.com\/en\/","name":"Encosta do Sobreiro","description":"Turismo Rural","potentialAction":[{"@type":"SearchAction","target":{"@type":"EntryPoint","urlTemplate":"https:\/\/encostadosobreiro.com\/en\/?s={search_term_string}"},"query-input":"required name=search_term_string"}],"inLanguage":"en-US"}]}},"_links":{"self":[{"href":"https:\/\/encostadosobreiro.com\/en\/wp-json\/wp\/v2\/pages\/8078","targetHints":{"allow":["GET"]}}],"collection":[{"href":"https:\/\/encostadosobreiro.com\/en\/wp-json\/wp\/v2\/pages"}],"about":[{"href":"https:\/\/encostadosobreiro.com\/en\/wp-json\/wp\/v2\/types\/page"}],"author":[{"embeddable":true,"href":"https:\/\/encostadosobreiro.com\/en\/wp-json\/wp\/v2\/users\/1"}],"replies":[{"embeddable":true,"href":"https:\/\/encostadosobreiro.com\/en\/wp-json\/wp\/v2\/comments?post=8078"}],"version-history":[{"count":2,"href":"https:\/\/encostadosobreiro.com\/en\/wp-json\/wp\/v2\/pages\/8078\/revisions"}],"predecessor-version":[{"id":8647,"href":"https:\/\/encostadosobreiro.com\/en\/wp-json\/wp\/v2\/pages\/8078\/revisions\/8647"}],"wp:attachment":[{"href":"https:\/\/encostadosobreiro.com\/en\/wp-json\/wp\/v2\/media?parent=8078"}],"curies":[{"name":"wp","href":"https:\/\/api.w.org\/{rel}","templated":true}]}}

<!-- This site is optimized with the Yoast SEO plugin v21.4 - https://yoast.com/wordpress/plugins/seo/ -->
<title>Galeria - A casa e o espaço envolvente | Encosta do Sobreiro</title>
<meta name="description" content="Veja algumas fotos fantásticas da casa e do espaço envolvente, e o sentimento que a encosta do Sobreiro transmite. Descubra-as na nossa galeria." />
<meta name="robots" content="index, follow, max-snippet:-1, max-image-preview:large, max-video-preview:-1" />
<link rel="canonical" href="https://encostadosobreiro.com/en/instagram/" />
<meta property="og:locale" content="en_US" />
<meta property="og:type" content="article" />
<meta property="og:title" content="Galeria - A casa e o espaço envolvente | Encosta do Sobreiro" />
<meta property="og:description" content="Veja algumas fotos fantásticas da casa e do espaço envolvente, e o sentimento que a encosta do Sobreiro transmite. Descubra-as na nossa galeria." />
<meta property="og:url" content="https://encostadosobreiro.com/en/instagram/" />
<meta property="og:site_name" content="Encosta do Sobreiro" />
<meta property="article:modified_time" content="2024-02-27T15:33:45+00:00" />
<meta name="twitter:card" content="summary_large_image" />
<script type="application/ld+json" class="yoast-schema-graph">{"@context":"https://schema.org","@graph":[{"@type":"WebPage","@id":"https://encostadosobreiro.com/en/instagram/","url":"https://encostadosobreiro.com/en/instagram/","name":"Galeria - A casa e o espaço envolvente | Encosta do Sobreiro","isPartOf":{"@id":"https://encostadosobreiro.com/en/#website"},"datePublished":"2022-02-04T11:10:38+00:00","dateModified":"2024-02-27T15:33:45+00:00","description":"Veja algumas fotos fantásticas da casa e do espaço envolvente, e o sentimento que a encosta do Sobreiro transmite. Descubra-as na nossa galeria.","breadcrumb":{"@id":"https://encostadosobreiro.com/en/instagram/#breadcrumb"},"inLanguage":"en-US","potentialAction":[{"@type":"ReadAction","target":["https://encostadosobreiro.com/en/instagram/"]}]},{"@type":"BreadcrumbList","@id":"https://encostadosobreiro.com/en/instagram/#breadcrumb","itemListElement":[{"@type":"ListItem","position":1,"name":"Home","item":"https://encostadosobreiro.com/en/"},{"@type":"ListItem","position":2,"name":"Instagram"}]},{"@type":"WebSite","@id":"https://encostadosobreiro.com/en/#website","url":"https://encostadosobreiro.com/en/","name":"Encosta do Sobreiro","description":"Turismo Rural","potentialAction":[{"@type":"SearchAction","target":{"@type":"EntryPoint","urlTemplate":"https://encostadosobreiro.com/en/?s={search_term_string}"},"query-input":"required name=search_term_string"}],"inLanguage":"en-US"}]}</script>
<!-- / Yoast SEO plugin. -->

Galeria - A casa e o espaço envolvente | Encosta do Sobreiro

Veja algumas fotos fantásticas da casa e do espaço envolvente, e o sentimento que a encosta do Sobreiro transmite. Descubra-as na nossa galeria.
